0
Suppose t = -1908*w + 1910*w + 26039, -26003 = -t - 4*w. What is the ten thousands digit of t?
2
Let z = -25 + 103. Suppose 5 = 2*f + 3*d - z, 212 = 5*f + 3*d. What is the units digit of f?
3
Let b(p) = 3*p + 6. Suppose -c = -5*l + 202, 4*l = -3*c - 0*c + 154. Let z = -30 + l. What is the units digit of b(z)?
6
Suppose -5*p = -2*p - t + 133, p + 47 = t. Let z = -22 - p. What is the units digit of z - (3 + (-4)/2)*1?
0
Let z be 4 + 116 + (3 - 7). Let y = -40 + z. What is the units digit of (-19)/y + 770/8?
6
Let m(w) = 4*w**2 + 71*w + 159. What is the tens digit of m(-46)?
5
Let s(f) be the third derivative of -f**6/40 - f**5/15 + f**4/8 - 2*f**3/3 - 36*f**2 + 3. Let v(o) = -o + 2. Let p be v(6). What is the hundreds digit of s(p)?
1
Let q = 91379 + -48838. What is the units digit of q?
1
Let y(g) = -g**3 + 27*g**2 - 24*g - 48. Let i be y(26). Suppose -i*m + 3*j = -4824, 0 = -3*m - 59*j + 58*j + 3605. What is the thousands digit of m?
1
Let v(q) = -1. Let o(j) = 7*j + 434. Let z(x) = o(x) + 3*v(x). What is the tens digit of z(0)?
3
Suppose 4*y - 51060 = -13*a + 16*a, 0 = -y - 5*a + 12742. What is the units digit of y?
2
Let k(m) be the first derivative of -m**4/4 - m**3/3 + m**2/2 + m + 6. Let i be k(-1). Suppose 2*c = 0, q + 2*c - 117 = -i*c. What is the units digit of q?
7
Suppose -3*w + 8*w + 20 = 0, -2*o - 3*w = 0. What is the tens digit of o/(-2) + (484 - 23)?
5
Let g be (-20)/2*(-24)/80. What is the hundreds digit of 839 + 20 - 15/g?
8
Let i be 32/(-8) + -2 - -3278. Let q = 4928 - i. What is the hundreds digit of q?
6
Let a = 62 + -55. Suppose 0 = -8*u - a*u + 5745. Suppose 3*c = -2*g + 569, -6*c + u = -4*c + 5*g. What is the tens digit of c?
8
Let j be (-8 - -7)*7 + 48. Suppose 4*k = 3*p - 248, 0*p + 4*k = -3*p + 232. Let x = p - j. What is the tens digit of x?
3
Suppose -178 = -15*u - 58. Let p(h) = 95*h - 36. What is the tens digit of p(u)?
2
Suppose -n = 189 - 60. What is the units digit of 9/((-9)/2) - n?
7
Let h = -8 - -14. Let t(c) = -c**3 + 4*c**2 + 12*c - 6. Let b be t(h). Let z = b - -49. What is the units digit of z?
3
Let m = 373 - 378. Let q(w) = -227*w + 33. What is the units digit of q(m)?
8
Suppose 3*v - 28300 = -4*x, v = -7*x + 29186 + 20322. What is the tens digit of x?
7
Let t(u) = u**3 + 66*u**2 + 68*u + 104. Let y be t(-65). Let m = -57 + 285. Let v = m + y. What is the tens digit of v?
3
Suppose -1682728 = 368*y - 506*y + 5702618. What is the ten thousands digit of y?
5
Suppose 2*u - 1346 = -2*b, -2*b + 557 = -3*u - 809. What is the units digit of b?
7
Suppose 433*p + 62525 = 474*p. What is the thousands digit of p?
1
Suppose -z - 2*o = -35653, 9*o = 7*o - 10. What is the thousands digit of z?
5
Suppose -8*y = -9*y + 3. Suppose y*b - 126 = 432. Suppose 3*z - b = 120. What is the hundreds digit of z?
1
Let z(y) = 2*y**3 - 24*y**2 - 10*y + 23. Let g be z(14). Let h = -223 + g. What is the units digit of h?
4
Let m = -43 + 45. Let q be (15 + m)*-2*-2. Let y = 118 + q. What is the tens digit of y?
8
Suppose 5*w = 4*v + v + 78025, 4*w = -5*v + 62474. What is the tens digit of w?
1
Suppose 628044 = 75*u - 4731. What is the thousands digit of u?
8
Suppose -835994 + 70688 = -18*z. What is the tens digit of z?
1
Let v(n) = 2897*n + 5768. What is the hundreds digit of v(10)?
7
Let k(n) = 145*n - 67. Let c be k(12). Suppose -c = -9*w + 4357. What is the hundreds digit of w?
6
Let q(c) = -2*c**2 + 12*c - 12. Let b be q(7). Let d = b + 35. Suppose -4*l + d*l - 150 = 0. What is the units digit of l?
0
Suppose 18*p - 32 = 2*p. Suppose 0*k + 131 = t - p*k, -3*k = 5*t - 681. What is the units digit of t?
5
Let t be ((-50)/(-100))/(1/8146). What is the units digit of (-150)/250 - t/(-5)?
4
Let v be (-1)/(-1) + (5 - -67). Suppose 3*q = -r - 35, 3*r + 5*q = -v - 12. What is the tens digit of 196*(-2)/r*5?
9
Suppose 4*v - 18629 = -u + 2*u, 18619 = 4*v + u. Suppose -33*l - v = -36369. What is the units digit of l?
1
Suppose 0 = 3*w + 3*s - 69, 3*w + 3*s = 2*s + 63. Let q(m) = 31*m - 75. What is the units digit of q(w)?
5
Let h(m) be the second derivative of 199*m**3/6 - 249*m**2/2 - 22*m + 5. What is the tens digit of h(9)?
4
What is the hundreds digit of (-114)/(-95)*40395/9?
3
What is the units digit of (-2)/((-10)/6285)*(-603)/(-27)?
3
Let p be (-323)/(-68) - 1/(-4). Let f(q) = -q**3 + 4*q**2 + 4*q - 4. Let z be f(p). Let w = 54 - z. What is the tens digit of w?
6
Let r(w) be the first derivative of w**4/4 - 8*w**3/3 + 5*w**2/2 - 51*w - 46. What is the hundreds digit of r(11)?
3
What is the tens digit of ((-4 - -34602) + -1)/(-3 - -4)?
9
Let v(c) = c**2 + 13*c + 3. Let h be v(-13). Suppose 5*i + 2*y + 3*y = 80, h*y = -4*i + 67. Suppose 0 = -9*k + i + 8. What is the units digit of k?
3
Suppose 22*j - 209010 = -8*j. What is the tens digit of j?
6
Let d(t) = -167*t - 2189. What is the units digit of d(-53)?
2
Let p(q) be the second derivative of -20*q**3/3 - 64*q**2 - q + 4. What is the tens digit of p(-7)?
5
Let f = 159 - 151. What is the units digit of (-609)/(-3) - 48/f?
7
Suppose -3*g - 3*g + 24 = 0. Suppose 3*i + 10 - 1 = -4*u, i - 13 = g*u. What is the units digit of (-62)/(-124)*(395 + (i - 2))?
7
Let z = -1267 + 3466. What is the units digit of z?
9
Let h be 1/(9/(-45) + (-1229)/(-6170)). Let x = h + 2119. What is the hundreds digit of x?
8
Let w(g) = g**2 - 7*g + 11. Let l be w(4). Let n be 5/2*(165 - l). Suppose 107 = 6*a - n. What is the tens digit of a?
8
Let v(u) be the third derivative of 5*u**4/24 + u**3/3 - 9*u**2. Let t be v(7). Let r = t - 24. What is the tens digit of r?
1
What is the hundreds digit of (-14891)/(-7) - 82/287?
1
Suppose -3*j + 5*g = 3*g - 4826, 2*j + 4*g = 3244. Let u = 2292 - j. What is the hundreds digit of u?
6
Let n = 1338 + -911. Let u = -246 + n. What is the hundreds digit of u?
1
Let t(j) = 7*j**2 + 185*j + 21. What is the units digit of t(-27)?
9
Suppose 7*z - 3*z = u, 0 = -3*u + z + 11. Suppose -4*m = -5*m + u. Suppose -l + 457 = m*k - 6*l, 3*l - 245 = -2*k. What is the units digit of k?
8
Suppose 226894 = 25*q - 90681. What is the tens digit of q?
0
Let s be 4 - 1 - (-5 + 2). Suppose -723 - 1425 = -s*t. What is the hundreds digit of t?
3
Suppose -72*l + 2007588 + 3548843 - 1654751 = 0. What is the tens digit of l?
9
Let j = -449 - -453. Suppose -3*a - 17*v + 12*v = -1656, 2*a = j*v + 1126. What is the tens digit of a?
5
Suppose 2*q + 138 = 1112. Let l = q - 13. What is the units digit of l?
4
Suppose 294*p - 69*p = 77400. What is the hundreds digit of p?
3
What is the ten thousands digit of 154930/15 + (-50)/75?
1
Let o = -10 - -16. Suppose -h = o - 9. Suppose -4*q + 5*z = 2*z - 473, h*z = -9. What is the hundreds digit of q?
1
What is the hundreds digit of 507906/464 - (-3)/8?
0
Let v = 135239 + -226283. What is the hundreds digit of v/(-270)*10/4?
8
Let j(m) = 5*m**3 + 2*m**2 - 5*m + 4. Let b be j(1). Suppose b*r - 3017 = -689. What is the hundreds digit of r?
3
Let f(k) = -k + 1. Let z(o) = o**2 + 3*o - 10. Let q(l) = 2*f(l) + z(l). Let b be q(-4). What is the tens digit of b - 21/3 - -65?
6
Let g be 4826/10 - (3 + 36/(-15)). Let t = g - 182. Let d = t - 193. What is the tens digit of d?
0
Let p be (-2)/((-14)/(-7))*-603. Let o = p + -511. What is the units digit of o?
2
Let y(p) = 3*p - 31. Let q be y(7). Let z be (q/(-2))/((-3 - -1)/(-82)). What is the hundreds digit of -12 + 8 - z/(-1)?
2
What is the tens digit of (2 - (-14 - -29)) + 178?
6
Suppose 17*j - 13*j = -12. What is the tens digit of (-3 + 6 - 34)*(j + 0)?
9
Let p(h) = 4*h**2 + 14*h - 66. Suppose 0 = 28*d - 25 - 143. What is the tens digit of p(d)?
6
Let p(l) = -1178*l - 367. What is the hundreds digit of p(-21)?
3
Suppose -18275 = -170*o + 165*o. What is the tens digit of o?
5
Let w(z) = 7*z**3 + 3*z**2 + z. Let a be w(2). Suppose -1395 = a*u - 75*u. What is the tens digit of u?
7
Suppose 0*i + 2*i = -2*u + 14, u + 2*i = 9. Suppose -27 + 37 = u*q. Suppose q*z - 3*g = -3*z + 519, -5*g = 15. What is the hundreds digit of z?
1
Let k(t) = 3*t**2 - 4*t - 1. Let l be k(2). Suppose 0 = n + l*u - 190, n = 6*n + u - 922. What is the tens digit of (0 + n)*(0 - 1/(-2))?
9
Suppose -16*z + 18351 = -577. Suppose v - 63 = -h + 234, -4*v - 5*h + z = 0. What is the units digit of v?
2
Suppose -w = -0*w - 0*w. Suppose w = -15*l - 2441 + 71